{"id":9,"date":"2018-09-27T14:42:09","date_gmt":"2018-09-27T14:42:09","guid":{"rendered":"https:\/\/www.xn--brsenseminar-4ib.ch\/?page_id=9"},"modified":"2019-01-17T15:52:28","modified_gmt":"2019-01-17T15:52:28","slug":"startseite","status":"publish","type":"page","link":"https:\/\/www.xn--brsenseminar-4ib.ch\/","title":{"rendered":"Wir bieten B\u00f6rsen-Seminar f\u00fcr Anf\u00e4nger"},"content":{"rendered":"<ul>\n<li>Mit uns investieren Sie erfolgreich in die Zukunft.<\/li>\n<li>Trends verfolgen und mittel-langfristig investieren.<\/li>\n<li>Unser Hauptaugenmerk ist das Investieren in Trends.<\/li>\n<\/ul>\n","protected":false},"excerpt":{"rendered":"<p>Mit uns investieren Sie erfolgreich in die Zukunft. Trends verfolgen und mittel-langfristig investieren. Unser Hauptaugenmerk ist das Investieren in Trends.<\/p>\n","protected":false},"author":1,"featured_media":0,"parent":0,"menu_order":0,"comment_status":"closed","ping_status":"closed","template":"","meta":[],"_links":{"self":[{"href":"https:\/\/www.xn--brsenseminar-4ib.ch\/index.php?rest_route=\/wp\/v2\/pages\/9"}],"collection":[{"href":"https:\/\/www.xn--brsenseminar-4ib.ch\/index.php?rest_route=\/wp\/v2\/pages"}],"about":[{"href":"https:\/\/www.xn--brsenseminar-4ib.ch\/index.php?rest_route=\/wp\/v2\/types\/page"}],"author":[{"embeddable":true,"href":"https:\/\/www.xn--brsenseminar-4ib.ch\/index.php?rest_route=\/wp\/v2\/users\/1"}],"replies":[{"embeddable":true,"href":"https:\/\/www.xn--brsenseminar-4ib.ch\/index.php?rest_route=%2Fwp%2Fv2%2Fcomments&post=9"}],"version-history":[{"count":4,"href":"https:\/\/www.xn--brsenseminar-4ib.ch\/index.php?rest_route=\/wp\/v2\/pages\/9\/revisions"}],"predecessor-version":[{"id":48,"href":"https:\/\/www.xn--brsenseminar-4ib.ch\/index.php?rest_route=\/wp\/v2\/pages\/9\/revisions\/48"}],"wp:attachment":[{"href":"https:\/\/www.xn--brsenseminar-4ib.ch\/index.php?rest_route=%2Fwp%2Fv2%2Fmedia&parent=9"}],"curies":[{"name":"wp","href":"https:\/\/api.w.org\/{rel}","templated":true}]}}